et s be (-145 - p)/((-3)/9). Let g = 143 + -102. Calculate the highest common divisor of g and s.
41
Let k(w) = -6*w**2 - 21*w + 33*w**2 + 18*w + 8. Let n be k(2). Let x be 1240/28 + 6/(-21). What is the highest common factor of x and n?
22
Suppose 0 = 20*p - 25*p + 25. Suppose 0 = -6*w + 17 - p. Suppose -5*v = 4*j - 85, -5 = -w*j + 3*v + 2*v. What is the highest common factor of 5 and j?
5
Let l = 1055 - 875. Let o be (-4)/((6/(-11))/(-3)). Let x be -4 - (-2)/1 - o. Calculate the highest common factor of x and l.
20
Let l = -325 - -201. Let o = 130 + l. Suppose 9*k - 234 = o*k. Calculate the greatest common divisor of k and 117.
39
Let q(m) = 8*m - 9 - 8 - 46 - 9. Let k be q(17). What is the greatest common divisor of k and 16?
16
Let q be ((-44)/88 + 1 + 4)/((-2)/(-2240)). What is the highest common divisor of 108 and q?
36
Suppose -93321 = 12*u - 572457. What is the greatest common divisor of u and 56?
56
Suppose 5*s + 42139 = 4*y, 4*y + 2*s - 23006 - 19168 = 0. What is the greatest common divisor of 166 and y?
83
Suppose 3*m - 25542 = -4*d, -3*d - 4*m = -5873 - 13287. What is the highest common divisor of d and 32?
16
Let f be ((-248)/(-120) + -2)*(-48)/(-4)*70. Calculate the greatest common factor of 826 and f.
14
Suppose 0 = -4*a + c + 1889, -468 = -a + 42*c - 46*c. What is the highest common factor of a and 1475?
59
Let u be -5 - -1*(3 - -2). Let h be (-56)/(-3) + (-4)/6 + u. What is the highest common factor of 12 and h?
6
Suppose 554*l = 553*l - 3*b - 4, -4*l + 36 = -b. What is the greatest common divisor of l and 88?
8
Let z(f) = f**2 + 10*f - 5. Let d be z(-14). Let i = 1169 - 608. Calculate the highest common divisor of d and i.
51
Let g be (-4)/16 - 42/(-8). Let y = -5817 - -5813. Let x be g - (-4 + y/4). What is the greatest common divisor of 90 and x?
10
Let w be 4/(-14 + 9640/688). What is the highest common factor of 1204 and w?
172
Let d = 47 - 31. Let m be (d/8)/((-1)/(-6)). Suppose -4*x = 2*b - 758, -5*b = 7*x - 5*x - 359. What is the highest common divisor of x and m?
12
Suppose 0 = -3*v + l + 42 + 4, l - 24 = -2*v. Let i = v - -13. Let a be ((-5)/((-75)/216))/(9/135). What is the highest common factor of a and i?
27
Let t = 291 + 3. Let n = -242 + t. Let d(o) = -65*o. Let r be d(-1). What is the highest common divisor of r and n?
13
Suppose 16 = 4*x + 4*u, -2*u + 4 = 2*u. Suppose 8*q - 30 = x*q. Calculate the highest common factor of q and 30.
6
Let c = 27 + 51. Let w(j) = -34*j - 177. Let o be w(-5). Let u be 39/(o - (-66)/9). What is the highest common factor of c and u?
39
Let g(l) = l**3 + 7*l**2 - 9*l - 5. Let r be g(-8). Suppose 0 = -4*x - 16, 0 = j + r*x + 6 - 1. Calculate the highest common factor of 28 and j.
7
Let b be -3 - -30*1/2. Let p be (132/21)/(3*b/126). Let d(t) = 11*t**2 + 4*t - 1. Let q be d(3). Calculate the greatest common factor of p and q.
22
Suppose 6*w + 55 = 37. Let r be 1078/(6/w - (2 - 6)). Calculate the highest common factor of 77 and r.
77
Let r = 12901 - 12813. What is the highest common factor of 2156 and r?
44
Let l(v) = -v**2 + 13*v - 16. Let x be l(11). Suppose 112 = -2*p + x. Let k = -28 - p. What is the greatest common divisor of 275 and k?
25
Let p(o) = o**3 - 13*o**2 + 23*o - 15. Let v be p(11). Let y = 17 + v. Suppose 5*n - y = -3. Calculate the greatest common divisor of 18 and n.
2
Suppose -2468 = -9*x - 2324. Calculate the highest common divisor of x and 9592.
8
Let g = 950 + -854. Calculate the greatest common factor of g and 784.
16
Suppose -145348 = -212*b + 33*b. What is the highest common factor of 224 and b?
28
Let b(c) = c**2 - 104*c + 526. Let j be b(5). Calculate the highest common divisor of j and 7719.
31
Let g(q) be the third derivative of -q**5/60 - 13*q**4/24 - 5*q**3/6 - 61*q**2. Let l be g(-11). What is the highest common divisor of l and 493?
17
Let x(j) = -6*j + 73. Let f be x(8). Let y be -166*(-9)/(-6)*1. Let h = -124 - y. Calculate the greatest common divisor of f and h.
25
Suppose -5*v + 256 = 16. Let h be ((-12)/(-228)*0)/3. Suppose h = -4*a + a + v. Calculate the greatest common factor of 24 and a.
8
Suppose -24*p - 5*v = -24*p, -3*p + 4*v + 3234 = 0. What is the greatest common factor of p and 1274?
98
Let o = 1068 + -518. What is the greatest common factor of o and 40?
10
Let z be 59/(1475/(-100))*-8. Let d(f) = -5*f**2 + 2 + 0*f**2 + 3*f + f**3 - 1. Let o be d(5). What is the greatest common factor of o and z?
16
Suppose -g + 18*n + 629 = 22*n, 2*g - 1193 = 5*n. What is the greatest common divisor of 348 and g?
87
Suppose -2*z + 1620 = 4*j, 1476 = 2*z + 5*j - 144. Let w = 859 - z. What is the greatest common factor of 28 and w?
7
Let j be ((-196)/(-10))/(1/(-5)). Let l be j/(-539) + (-1844)/(-22). Calculate the highest common divisor of 36 and l.
12
Let a = -418 - -412. Let q be (8 - 3) + a/(-1) + -3. Calculate the greatest common factor of 16 and q.
8
Let l be (2 - (-12)/(-5))/(6/(-180)). Let m be 2 + 32 + -2 + 6. Let x = -26 + m. What is the greatest common factor of l and x?
12
Let o be -6*1455/180*-12. What is the greatest common factor of 150 and o?
6
Let z = -3683 + 3689. Let n = 130 + -16. What is the greatest common factor of n and z?
6
Suppose -5950 = -7*m - 27*m. Suppose -m = -11*z + 837. What is the highest common factor of z and 23?
23
Let u = 63 - 48. Suppose 4*n + 2*f + 18 = -124, f - 69 = 2*n. Let w = n - -50. What is the highest common factor of u and w?
15
Let b be (12 - (-18)/(-3)) + -1. Let t be 792/(b - -1) - 2. What is the greatest common divisor of t and 30?
10
Let g(l) = 5765*l - 2885*l + 2 + l**3 - 2*l**2 - 2879*l + 3. Let o = 1 + -1. Let y be g(o). What is the greatest common factor of y and 80?
5
Let s be (3 + 151)*-3*(-462)/36. Calculate the highest common divisor of s and 121.
121
Suppose -q - y = -105, 5*q + 2*y + 2*y - 523 = 0. Calculate the highest common factor of 2987 and q.
103
Let t be 20*(462/(-175) - -2)*-5. Calculate the highest common factor of 76 and t.
4
Suppose 6*w = 5941 - 2107. Let g = w + -547. What is the greatest common factor of 138 and g?
46
Suppose -s + 7 = 3*r, 2*r - 8*s - 28 = -4*s. Let n(o) = -17 - 11*o - 9 - r + 7. Let k be n(-7). What is the greatest common divisor of k and 135?
27
Suppose -360*n - 1563 = -371*n + 1440. Suppose -49 = -4*h + 2*g + 37, 5*g + 68 = 3*h. Calculate the greatest common factor of h and n.
21
Let c be 6 + (5 - (-9)/(-12)*8). Suppose c*j - 55 = -3*q, q - 6*q + j + 73 = 0. What is the greatest common divisor of 570 and q?
15
Let y = -1386 - -1500. What is the greatest common divisor of 1007 and y?
19
Let j be 2622/30 + (-3)/(-5). Suppose -6*d + 4*d + j = 0. Suppose -v - 2*t = -21 - 13, -v = 4*t - d. What is the greatest common factor of 264 and v?
24
Let k be 6*15/2*(52 - 51). What is the highest common factor of 80 and k?
5
Suppose -12*b + 8712 = 9*b - 13*b. Calculate the greatest common factor of b and 605.
121
Let f(o) = 18*o**2 - 21*o + 41. Let r be f(2). Suppose -3*g - 4*g - 364 = 0. Let i = g + r. What is the greatest common factor of 76 and i?
19
Let t be 150/20*(38 - (-4120)/60). Suppose -4*b + 385 = 3*m, 4*b + 2*m + 69 = 459. What is the highest common factor of t and b?
100
Suppose 0 = 96*p + 61*p + 2303 - 37471. Suppose -12 = -c + 12. What is the highest common factor of p and c?
8
Let q be (14/(-6))/(2/(-30)). Suppose -q = -3*n + 34. Suppose 2*o - 3*a = 32 + 195, -2*o + 4*a = -226. Calculate the greatest common factor of o and n.
23
Let j(d) = 8*d**3 - 3*d**2 + 6*d - 2. Let y be j(2). Let i = y - -102. Calculate the highest common divisor of 4 and i.
4
Suppose -3*h = 3*a + 42, 0 = -2*h + 5*a - a + 2. Let n = h + 13. Suppose -2*g + 18 = n*g. What is the highest common divisor of g and 33?
3
Let x be 4/((-24)/14) + 3/(18/15638). What is the greatest common factor of 98 and x?
14
Let d(w) = -w**3 + 13*w**2 - 13*w + 16. Let v be d(12). Let h be (-1392)/42 - 1/(-7). Let j = v - h. Calculate the greatest common factor of j and 111.
37
Suppose -260*d + 68220 + 459138 - 7098 = 0. Calculate the greatest common divisor of 736 and d.
23
Let q = 42 - 2. Suppose -92*g + 724 + 196 = 0. Calculate the highest common divisor of g and q.
10
Suppose -3297586 - 4090059 = -149*u - 1704189. Calculate the greatest common factor of u and 149.
149
Let l be 9 - (1 + -3) - 2. Suppose m